2*3. Give i(m).
-7
Let f be 2/9 + (-94)/18 + -3. Let t be (1/2)/(1*f/80). Let n(k) = k**2 + 6*k + 5. Give n(t).
0
Let l(o) be the third derivative of o**5/60 + 3*o**4/8 - 5*o**3/6 - 197*o**2 - 1. Calculate l(-8).
-13
Let i(x) = -x**3 - 17*x**2 - 31*x. Suppose -3*g - 4*j = -208 + 233, -g = 3*j. Determine i(g).
15
Let y(z) = -8*z**2 + 4*z + 38*z**3 + 8 + 7*z - 37*z**3. Let l be 6 + -12 - (-96)/8. Calculate y(l).
2
Let r(o) be the second derivative of -o**5/10 + 16*o**4/3 - o**3/3 + 61*o**2/2 + 4*o + 360. Give r(32).
-3
Let v(g) = g**2 - 1. Let t(o) = o**2 + 7*o + 2. Let i(p) = -t(p) + 2*v(p). Let q be (-389*6)/(-6) + 0. Suppose 4*k - 421 + q = 0. Give i(k).
4
Suppose 2*g - 38 = -0*g - 3*j, -5*g - 3*j = -86. Suppose 5 - 21 = -4*m + 2*y, 5*y = 10. Let b(f) = 3*f + m*f - g*f. Give b(-1).
8
Let v(q) = -13*q + 3*q**2 - 16*q**2 + 7*q + 2*q**3 - 2*q + 12. Let w be v(7). Let c(u) = -7*u + 7*u**2 + 3 + 0*u**2 - 2*u**2 - 4*u**2. Give c(w).
-7
Let v(j) = -j**3 - 9*j**2 - 14*j + 7. Let a be v(-7). Suppose 0 = 3*u - a*u. Let d(n) be the first derivative of n**2/2 - 4*n - 2. Determine d(u).
-4
Suppose -4 = 3*x - 1. Let p be (x + 3)*15/6. Let o(n) = 1 - 2*n + 0 - n**2 + 2*n + 3*n. Calculate o(p).
-9
Let m = 11048 + -11038. Let o(q) = q**3 - 10*q**2 - 19. Give o(m).
-19
Let n(y) = y**2 + 7. Let g be 23/(-1) - (-15)/(25/(-5)). Let t = -26 - g. Give n(t).
7
Let w = 4237 - 4245. Let b(g) = -10*g - 11 - 14*g**3 + 13*g**3 - 9*g**2 + 0. What is b(w)?
5
Let f = -1410 + 1412. Let j(l) = l**3 - 196*l + 67*l + 8*l**f + 68*l + 66*l. Let v(y) = -y**3 + 2*y**2 + y - 1. Let i be v(3). Give j(i).
14
Let f(t) = -3*t**3 + t**2 + 1. Let p(s) = -22*s**3 + 8*s**2 - 68. Let h(j) = 7*f(j) - p(j). What is h(0)?
75
Suppose -24*c + 370 = 67 - 105. Let x(d) = -6*d + 53. Calculate x(c).
-49
Let u(d) = -1273 - 1110 - 31*d + 2*d**2 + 2379. Determine u(13).
-69
Let b(o) = -o**3 + 2*o**2 - 6*o - 3. Suppose -40*f + 39 = -161. Calculate b(f).
-108
Let t = -265 - -461. Let k(z) = -206 + 6*z - t + 401. Let a(b) = -5*b**2 + 3*b - 2. Let v be a(1). Calculate k(v).
-25
Let k(i) = -128*i - 128*i + 409*i - 118*i + 335. Determine k(-10).
-15
Let i be (14/63 - 4/18) + 0. Let f(c) be the first derivative of c**2/2 + 29*c + 999. What is f(i)?
29
Let o(c) = c**3 + 10*c**2 + 11*c - 5. Let u(t) = t + 6. Let q(x) = 2*x + 12. Let y(r) = -4*q(r) + 7*u(r). Let a be y(3). What is o(a)?
-23
Suppose -6 = -j - o, -j + 3*o + 30 = 2*j. Suppose -6 = 20*m - 23*m. Let a(l) = 7*l + 9702*l**2 - m + 2 - l**3 - 9695*l**2. Determine a(j).
-8
Let o(u) = u**3 + u**2. Let g be o(-2). Let m(k) = 5*k - 11. Let s(t) = -6*t + 12. Let d(w) = g*s(w) - 5*m(w). Suppose -9*b - 24 = -5*b. Give d(b).
13
Let y(l) = 9*l - 21730 + 7181 + 7219 + 7229. Calculate y(12).
7
Let p = -2 - -7. Let x(u) = -2*u + 13. Let r(i) = -i + 6. Let d(a) = p*r(a) - 3*x(a). Let o be 3*(7 + 117/(-27)) - -2. Calculate d(o).
1
Let l(i) be the third derivative of -i**4/24 + 2*i**3/3 + 19*i**2 + 6. Give l(5).
-1
Let h(s) = 12*s**2 - 5*s**3 + 3*s**3 + 14*s**2 - 40*s**2 + 3*s + 16*s**2 + 2. Suppose 14 = 5*b - 1. What is h(b)?
-25
Let q(t) = 53*t - 720. Let j be q(13). Let g(i) = i**3 + 31*i**2 + i + 45. What is g(j)?
14
Suppose -23 = 3*z + 2*t, -3 = -239*z + 240*z - 4*t. Let o(b) = 6*b + 13. Calculate o(z).
-29
Let n(l) = l**3 + 19*l**2 + 19*l + 23. Let h be n(-18). Let w = h - -6. Suppose w + 61 = -12*j. Let q(t) = -t**2 - 5*t - 1. Determine q(j).
-7
Suppose 3*p = y - 19 - 17, -3*p = -3*y + 36. Let w = 8 + p. Let b(r) be the first derivative of r**4/4 + 4*r**3/3 - 6*r + 7. What is b(w)?
-6
Suppose -5*f - 4*b = -58, 2*f + 3*b - 26 = -0*f. Suppose f*i + 10 = 70. Suppose 0 = -i*x - 4*x + 60. Let u(s) = -s + 1. What is u(x)?
-5
Let w(r) be the first derivative of -r**3/3 + 13*r**2/2 - 34*r - 10011. Calculate w(4).
2
Let o = 279 + -278. Let d be 3 - -1*(1 + o). Let z(x) be the second derivative of -x**4/12 + x**3/6 + 5*x**2/2 - 2*x. What is z(d)?
-15
Suppose 2*a = -16 - 88. Let r = a - -56. Suppose 0 = r*j - c - 27, 3*j - 3*c = j + 11. Let l(z) = -z**2 + 6*z + 9. Determine l(j).
2
Let c(s) = 5*s**2 + 8*s + 20. Let p(n) = -3*n**2 - 4*n - 11. Let w(u) = -6*c(u) - 11*p(u). Let k(l) = -16*l - 195. Let a be k(-12). What is w(a)?
40
Let y(g) be the first derivative of -g**4/4 + g**3/3 - 2*g**2 - 6*g + 792. Give y(0).
-6
Let v(i) = i. Let k(j) = -j**2 - 21*j - 14. Let b be k(-20). Suppose r - 8 = -w, 2*r - b = -0*r. Calculate v(w).
5
Let t(y) = y - 12. Let g(u) = u - 11. Let n(b) = -7*g(b) + 6*t(b). Let s(i) be the first derivative of -7*i**2 + 42*i + 23. Let p be s(3). Determine n(p).
5
Let h(z) be the third derivative of -z**6/120 - z**5/30 + z**4/12 + 2*z**3/3 - 816*z**2. Determine h(-4).
28
Let a = -21 + 26. Suppose -5*w + h = 11 + 16, 0 = a*w + 4*h + 17. Let f(n) be the first derivative of n**3/3 + 5*n**2/2 + 7*n - 489. Determine f(w).
7
Let n(g) = -g - 2. Let r(b) = -b**3 - 3*b + 7. Suppose 5 = 11*p - 17. Let x be r(p). Calculate n(x).
5
Let t(y) = -10*y**2 + 6*y - 10. Let c(z) = -19*z**2 + 11*z - 18. Let d(b) = -6*c(b) + 11*t(b). Let o(p) = 3*p + 4. Let f be o(-2). Give d(f).
14
Let q(n) be the third derivative of -3*n**2 - 1/30*n**5 + 0*n + 10 + 1/6*n**4 - 1/2*n**3. Determine q(2).
-3
Let z(q) be the first derivative of -q**4 + 7*q**3/3 + 3*q**2/2 - 13*q - 11308. What is z(3)?
-49
Let n(s) = -2*s + 4*s - s**2 + 13*s - 4 + 0*s. Let f(i) = -i**2 + 17*i - 4. Let v(x) = -5*f(x) + 6*n(x). Give v(7).
-18
Let y(n) be the first derivative of -3*n + 3*n**2 + 1/4*n**4 - 66 - 5/3*n**3. Give y(5).
27
Let r(h) be the second derivative of -h**3/6 - 27*h**2/2 - 594*h. Give r(-5).
-22
Let c(k) = 6*k - 12. Let i be c(3). Let z(t) = -23 - 5*t + 33 + i*t. Give z(7).
17
Let d(m) be the first derivative of -1/4*m**4 + 260 - 18*m - 1/2*m**2 + 1/3*m**3. What is d(0)?
-18
Suppose 2*f + 0*f - 2*b - 10 = 0, f - 2*b - 5 = 0. Let a(l) = -2*l**3 - 1542 + 6*l**2 - 6*l**3 + 1548 + 7*l**3 - 6*l. Calculate a(f).
1
Let s(x) = -363*x + 5. Let d(m) = -156*m + 2. Let l(q) = 7*d(q) - 3*s(q). Determine l(2).
-7
Let z(j) = 5*j - 6. Suppose -2173 + 2117 = -14*o. Give z(o).
14
Suppose -15*h - 50 = 25. Let z(m) = 4*m**2 + 20*m + 1. Let a(c) = -c**2 - 2*c - 2. Let w(t) = h*a(t) - z(t). Calculate w(9).
0
Let j(o) = -35*o + 1824. Let s be j(51). Let m(x) = -x**3 + 38*x**2 + 40*x - 40. Give m(s).
-1
Let j(u) be the third derivative of -u**6/120 - 11*u**5/60 - 5*u**4/6 - 23*u**3/6 - 5296*u**2. Give j(-9).
-5
Let w(i) = -i**3 - i**2 + 5*i + 6. Suppose 5*b + 1864 = -3*j + 1873, -j + 4 = 2*b. What is w(j)?
0
Let k(u) = u**2 - 21. Let l be (-2*(7 + 18/(-4)))/1. Determine k(l).
4
Let t be 1/5 - (-49)/5. Suppose -11*y + 41 = -t*y. Let s(r) = 20 - y + 2*r + 21. Give s(-4).
-8
Let l(m) be the first derivative of m**2/2 + 33*m + 3060. Give l(4).
37
Let h(g) = -6 - 3 - 9*g**2 + 0*g - 18*g + 1. Let q(f) = 5*f**2 + 10*f + 4. Let x(z) = 6*h(z) + 11*q(z). What is x(-3)?
-1
Let f = -9 - -16. Let h(g) = -f + 2*g + 2*g**2 + 9 + 2*g**2 - g**3 - 5. Suppose 3*v - 2*j = 8, 0 = 2*v + v - 4*j - 4. Give h(v).
5
Let j(g) be the third derivative of g**6/120 - 19*g**5/30 - 19*g**4/12 - 7*g**3 + 10*g**2 - 2*g - 10. Give j(39).
-3
Let m = 402 + -397. Let x(f) = 7*f**2 + 15*f - 4. Let k(n) = 6*n**2 + 14*n - 3. Let u(g) = m*x(g) - 6*k(g). Calculate u(-9).
-2
Let p(w) = -w**3 - 9*w**2 - 17*w + 10. Let s be 4 - (-2 + 0 + (14 - 3)). Give p(s).
-5
Let a(z) be the first derivative of 1/4*z**4 - 3 + 9/2*z**2 - 6*z + 7/3*z**3. Let w be a(-5). Let d(s) = 2*s + 1. Determine d(w).
-1
Suppose 15*o - 57 = -12. Let a(h) = -h + h**3 - 2*h + 16 - 3*h**2 - 13. What is a(o)?
-6
Let h = 932 + -930. Let u(d) = -8*d - 6. Calculate u(h).
-22
Let q(i) = 3 + 1 - 2 + 3*i. Let x(o) = o**2 - 14*o + 47. Let j = 278 + -269. Let w be x(j). Give q(w).
8
Let h(x) = x**3 + 15*x**2 + 29*x + 31. Suppose 11*m + 47*m = -37*m - 1235. Determine h(m).
-8
Let t(u) = -u - 16. Let k = 125 - 462. Let p = -355 - k. What is t(p)?
2
Suppose -2*t - 2*y - 1 = -3, -3*t = -5*y + 21. Let x be 2/(-4) - 5/t. Let m(s) = -28*s + 18. Let a(w) = 32*w - 20. Let g(i) = -8*a(i) - 9*m(i). Calculate g(x).
-10
Suppose -126*i - 105*i - 2424 = -29*i. Let p(u) = u**3 + 15*u**2 + 34*u - 35. Give p(i).
-11
Let x(l) be the third derivative of l**6/120 + l**5/12 - 7*l**4/24 + 3*l**3/2 - 425*l**2 + 4. What is x(-7